{"id":262,"date":"2024-09-30T15:01:16","date_gmt":"2024-09-30T13:01:16","guid":{"rendered":"https:\/\/www.m-site.cz\/?page_id=262"},"modified":"2024-09-30T15:01:16","modified_gmt":"2024-09-30T13:01:16","slug":"nahrady","status":"publish","type":"page","link":"https:\/\/www.m-site.cz\/?page_id=262","title":{"rendered":"nahrady"},"content":{"rendered":"\n    \n    <section class=\"u-clearfix u-section-2\" id=\"sec-5926\">\n      <div class=\"u-clearfix u-sheet u-sheet-1\">\n        <p class=\"u-custom-font u-heading-font u-text u-text-1\">Zm\u011bna poskytovatele slu\u017eby p\u0159\u00edstupu k internetu:<\/p>\n        <p class=\"u-custom-font u-heading-font u-text u-text-2\">\n          <br>Z\u00e1kazn\u00edk m\u00e1 pr\u00e1vo na finan\u010dn\u00ed n\u00e1hradu, pokud v souvislosti se zm\u011bnou poskytovatele Slu\u017eby dojde ke zpo\u017ed\u011bn\u00ed, zneu\u017eit\u00ed postup\u016f zm\u011bny poskytovatele Slu\u017eby, nebo nedodr\u017een\u00ed dohodnut\u00fdch term\u00edn\u016f opravy a instalace, a to n\u00e1sledovn\u011b:<br>V\u00fd\u0161e pau\u0161\u00e1ln\u00ed n\u00e1hrady je stanovena prov\u00e1d\u011bc\u00edm pr\u00e1vn\u00edm p\u0159edpisem \u010d. 529\/2021 Sb., jej\u00ed\u017e vybran\u00e1 \u010d\u00e1st ustanoven\u00ed stanov\u00ed za:<br>\n          <br>a) Zpo\u017ed\u011bn\u00ed se zm\u011bnou poskytovatele slu\u017eeb 200 K\u010d za zapo\u010dat\u00fd den prodlen\u00ed, po\u010d\u00ednaje<br>\u0161est\u00fdm dnem prodlen\u00ed pak 400 K\u010d za zapo\u010dat\u00fd den prodlen\u00ed<br>\n          <br>b) Zneu\u017eit\u00ed zm\u011bny poskytovatele slu\u017eeb 600 K\u010d za zapo\u010dat\u00fd den trv\u00e1n\u00ed z\u00e1vadn\u00e9ho stavu<br>\n          <br>c) Nedodr\u017een\u00ed term\u00edn\u016f opravy a instalace 200 K\u010d za zapo\u010dat\u00fd den prodlen\u00ed, po\u010d\u00ednaje \u0161est\u00fdm<br>dnem prodlen\u00ed pak 400 K\u010d za zapo\u010dat\u00fd den prodlen\u00ed.<br>Pau\u0161\u00e1ln\u00ed n\u00e1hradu z\u00e1kazn\u00edk uplat\u0148uje u poskytovatele, kter\u00fd povinnosti nedodr\u017eel.<br>Uplatn\u011bn\u00ed opr\u00e1vn\u011bn\u00e9ho n\u00e1roku na pau\u0161\u00e1ln\u00ed n\u00e1hradu u je \u00da\u010dastn\u00edk\/Z\u00e1kazn\u00edk povinen prov\u00e9st<br>p\u00edsemn\u011b v\u010dasnou reklamac\u00ed, tj. do dvou (2) m\u011bs\u00edc\u016f ode dne nastal\u00e9ho poru\u0161en\u00ed n\u011bkter\u00e9 z povinnost\u00ed uveden\u00fdch v \u010d\u00e1sti a) a\u017e c).\n        <\/p>\n        <img decoding=\"async\" src=\"https:\/\/www.m-site.cz\/wp-content\/uploads\/2023\/02\/msite-home-02-scaled.jpeg\" alt=\"\" class=\"u-image u-image-round u-opacity u-opacity-80 u-radius-27 u-image-1\" data-image-width=\"1707\" data-image-height=\"2560\">\n      <\/div>\n    <\/section>\n    \n    \n    \n  \n","protected":false},"excerpt":{"rendered":"<p>Zm\u011bna poskytovatele slu\u017eby p\u0159\u00edstupu k internetu: Z\u00e1kazn\u00edk m\u00e1 pr\u00e1vo na finan\u010dn\u00ed n\u00e1hradu, pokud v souvislosti se zm\u011bnou poskytovatele Slu\u017eby dojde ke zpo\u017ed\u011bn\u00ed, zneu\u017eit\u00ed postup\u016f zm\u011bny poskytovatele Slu\u017eby, nebo nedodr\u017een\u00ed dohodnut\u00fdch term\u00edn\u016f opravy a instalace, a to n\u00e1sledovn\u011b:V\u00fd\u0161e pau\u0161\u00e1ln\u00ed n\u00e1hrady je stanovena prov\u00e1d\u011bc\u00edm pr\u00e1vn\u00edm p\u0159edpisem \u010d. 529\/2021 Sb., jej\u00ed\u017e vybran\u00e1 \u010d\u00e1st ustanoven\u00ed stanov\u00ed za: a) Zpo\u017ed\u011bn\u00ed &hellip; <a href=\"https:\/\/www.m-site.cz\/?page_id=262\" class=\"more-link\">Continue reading<span class=\"screen-reader-text\"> &#8222;nahrady&#8220;<\/span><\/a><\/p>\n","protected":false},"author":1,"featured_media":0,"parent":0,"menu_order":0,"comment_status":"closed","ping_status":"closed","template":"","meta":{"footnotes":""},"class_list":["post-262","page","type-page","status-publish","hentry"],"_links":{"self":[{"href":"https:\/\/www.m-site.cz\/index.php?rest_route=\/wp\/v2\/pages\/262","targetHints":{"allow":["GET"]}}],"collection":[{"href":"https:\/\/www.m-site.cz\/index.php?rest_route=\/wp\/v2\/pages"}],"about":[{"href":"https:\/\/www.m-site.cz\/index.php?rest_route=\/wp\/v2\/types\/page"}],"author":[{"embeddable":true,"href":"https:\/\/www.m-site.cz\/index.php?rest_route=\/wp\/v2\/users\/1"}],"replies":[{"embeddable":true,"href":"https:\/\/www.m-site.cz\/index.php?rest_route=%2Fwp%2Fv2%2Fcomments&post=262"}],"version-history":[{"count":4,"href":"https:\/\/www.m-site.cz\/index.php?rest_route=\/wp\/v2\/pages\/262\/revisions"}],"predecessor-version":[{"id":266,"href":"https:\/\/www.m-site.cz\/index.php?rest_route=\/wp\/v2\/pages\/262\/revisions\/266"}],"wp:attachment":[{"href":"https:\/\/www.m-site.cz\/index.php?rest_route=%2Fwp%2Fv2%2Fmedia&parent=262"}],"curies":[{"name":"wp","href":"https:\/\/api.w.org\/{rel}","templated":true}]}}