{"id":47,"date":"2021-08-25T20:38:21","date_gmt":"2021-08-25T18:38:21","guid":{"rendered":"https:\/\/www.m-site.cz\/?page_id=47"},"modified":"2023-06-02T14:46:07","modified_gmt":"2023-06-02T12:46:07","slug":"navody","status":"publish","type":"page","link":"https:\/\/www.m-site.cz\/?page_id=47","title":{"rendered":"N\u00e1vody"},"content":{"rendered":"\n    \n    <section class=\"u-carousel u-carousel-duration-1250 u-carousel-left u-slide u-block-7174-1\" id=\"carousel_f26f\" data-interval=\"4000\" data-u-ride=\"carousel\">\n      <ol class=\"u-absolute-hcenter u-carousel-indicators u-block-7174-2\">\n        <li data-u-target=\"#carousel_f26f\" data-u-slide-to=\"0\" class=\"u-active u-grey-30\"><\/li>\n        <li data-u-target=\"#carousel_f26f\" class=\"u-grey-30\" data-u-slide-to=\"1\"><\/li>\n      <\/ol>\n      <div class=\"u-carousel-inner\" role=\"listbox\">\n        <div class=\"u-active u-align-center u-carousel-item u-clearfix u-image u-shading u-section-2-1\" src=\"\" data-image-width=\"1280\" data-image-height=\"851\">\n          <div class=\"u-clearfix u-sheet u-valign-middle-lg u-valign-middle-md u-valign-middle-sm u-valign-middle-xs u-sheet-1\">\n            <h1 class=\"u-text u-text-default u-title u-text-1\">N\u00c1VODY<\/h1>\n            <p class=\"u-align-center u-custom-font u-heading-font u-text u-text-default u-text-2\">CO D\u011aLAT P\u0158I NEFUNK\u010cN\u00cdM PRIPOJEN\u00cd<br>NEBO P\u0158I POMAL\u00c9M P\u0158IPOJEN\u00cd?\n            <\/p>\n          <\/div>\n        <\/div>\n        <div class=\"u-carousel-item u-clearfix u-image u-shading u-section-2-2\" data-image-width=\"1707\" data-image-height=\"2560\">\n          <div class=\"u-clearfix u-sheet u-sheet-1\">\n            <h1 class=\"u-text u-text-default u-title u-text-1\">KONTAKTY<\/h1>\n            <a href=\"https:\/\/www.m-site.cz\/?page_id=23\" class=\"u-btn u-btn-round u-button-style u-custom-color-9 u-hover-custom-color-8 u-radius-50 u-btn-1\">KONTAKTY<\/a>\n          <\/div>\n        <\/div>\n      <\/div>\n      <a class=\"u-absolute-vcenter u-carousel-control u-carousel-control-prev u-text-grey-30 u-block-7174-3\" href=\"#carousel_f26f\" role=\"button\" data-u-slide=\"prev\">\n        <span aria-hidden=\"true\">\n          <svg viewBox=\"0 0 477.175 477.175\"><path d=\"M145.188,238.575l215.5-215.5c5.3-5.3,5.3-13.8,0-19.1s-13.8-5.3-19.1,0l-225.1,225.1c-5.3,5.3-5.3,13.8,0,19.1l225.1,225\n                    c2.6,2.6,6.1,4,9.5,4s6.9-1.3,9.5-4c5.3-5.3,5.3-13.8,0-19.1L145.188,238.575z\"><\/path><\/svg>\n        <\/span>\n        <span class=\"sr-only\">Previous<\/span>\n      <\/a>\n      <a class=\"u-absolute-vcenter u-carousel-control u-carousel-control-next u-text-grey-30 u-block-7174-4\" href=\"#carousel_f26f\" role=\"button\" data-u-slide=\"next\">\n        <span aria-hidden=\"true\">\n          <svg viewBox=\"0 0 477.175 477.175\"><path d=\"M360.731,229.075l-225.1-225.1c-5.3-5.3-13.8-5.3-19.1,0s-5.3,13.8,0,19.1l215.5,215.5l-215.5,215.5\n                    c-5.3,5.3-5.3,13.8,0,19.1c2.6,2.6,6.1,4,9.5,4c3.4,0,6.9-1.3,9.5-4l225.1-225.1C365.931,242.875,365.931,234.275,360.731,229.075z\"><\/path><\/svg>\n        <\/span>\n        <span class=\"sr-only\">Next<\/span>\n      <\/a>\n    <\/section>\n    <section class=\"u-clearfix u-section-3\" id=\"sec-726d\">\n      <div class=\"u-clearfix u-sheet u-sheet-1\">\n        <p class=\"u-align-center u-custom-font u-heading-font u-text u-text-custom-color-9 u-text-default u-text-1\">NEFUNK\u010cN\u00cd P\u0158IPOJEN\u00cd<\/p>\n        <div class=\"u-clearfix u-expanded-width u-gutter-10 u-layout-wrap u-layout-wrap-1\">\n          <div class=\"u-layout\">\n            <div class=\"u-layout-row\">\n              <div class=\"u-size-30 u-size-60-md\">\n                <div class=\"u-layout-col\">\n                  <div class=\"u-container-style u-image u-layout-cell u-left-cell u-shading u-size-60 u-image-1\" src=\"\" data-image-width=\"1707\" data-image-height=\"2560\">\n                    <div class=\"u-container-layout u-valign-middle u-container-layout-1\"><\/div>\n                  <\/div>\n                <\/div>\n              <\/div>\n              <div class=\"u-size-30 u-size-60-md\">\n                <div class=\"u-layout-col\">\n                  <div class=\"u-size-30\">\n                    <div class=\"u-layout-row\">\n                      <div class=\"u-align-left u-container-style u-grey-5 u-layout-cell u-radius-25 u-shape-round u-size-30 u-layout-cell-2\">\n                        <div class=\"u-container-layout u-valign-middle u-container-layout-2\">\n                          <h3 class=\"u-text u-text-2\">1) Zkontrolujte, zda jsou v\u0161echny kabely \u0159\u00e1dn\u011b p\u0159ipojeny a zda jsou nap\u00e1jec\u00ed zdroje v\u0161ech s\u00ed\u0165ov\u00fdch prvk\u016f zapojeny do el. s\u00edt\u011b.<\/h3>\n                        <\/div>\n                      <\/div>\n                      <div class=\"u-align-left u-container-style u-grey-5 u-layout-cell u-radius-25 u-right-cell u-shape-round u-size-30 u-layout-cell-3\">\n                        <div class=\"u-container-layout u-valign-middle u-container-layout-3\">\n                          <p class=\"u-text u-text-3\">2) Pokud se k Internetu p\u0159ipojujete na notebooku pomoc\u00ed dom\u00e1c\u00edho bezdr\u00e1tu (AP), zkontrolujte zda m\u00e1te zapnutou bezdr\u00e1tovou (Wi-Fi) kartu.<\/p>\n                        <\/div>\n                      <\/div>\n                    <\/div>\n                  <\/div>\n                  <div class=\"u-size-30\">\n                    <div class=\"u-layout-row\">\n                      <div class=\"u-align-left u-container-style u-grey-5 u-layout-cell u-radius-25 u-shape-round u-size-30 u-layout-cell-4\">\n                        <div class=\"u-container-layout u-valign-bottom u-container-layout-4\">\n                          <p class=\"u-text u-text-4\">3) Nefunguje-li p\u0159ipojen\u00ed, zkuste nap\u00e1jec\u00ed zdroj instala\u010dn\u00ed sady (\u010dern\u00fd adapt\u00e9r instalovan\u00fd pobl\u00ed\u017e po\u010d\u00edta\u010de nebo na p\u016fd\u011b) odpojit z el. z\u00e1suvky a za p\u0159ibli\u017en\u011b 30 sekund znova p\u0159ipojit. Po cca druh\u00e9 minut\u011b zkuste p\u0159ipojen\u00ed znovu.<\/p>\n                        <\/div>\n                      <\/div>\n                      <div class=\"u-align-left u-container-style u-grey-5 u-layout-cell u-radius-25 u-right-cell u-shape-round u-size-30 u-layout-cell-5\">\n                        <div class=\"u-container-layout u-valign-middle u-container-layout-5\">\n                          <p class=\"u-text u-text-5\">4) Pokud p\u0159ipojen\u00ed k Internetu st\u00e1le nefunguje, zavolejte na na\u0161\u00ed HOTLINE <a href=\"tel:702260819\" class=\"u-active-none u-border-none u-btn u-button-link u-button-style u-hover-none u-none u-text-palette-1-base u-btn-1\">702260819<\/a>, nebo <a href=\"tel:603700228\" class=\"u-active-none u-border-none u-btn u-button-link u-button-style u-hover-none u-none u-text-palette-1-base u-btn-2\">603700228<\/a>\n                          <\/p>\n                        <\/div>\n                      <\/div>\n                    <\/div>\n                  <\/div>\n                <\/div>\n              <\/div>\n            <\/div>\n          <\/div>\n        <\/div>\n        <div class=\"u-container-style u-group u-group-1\">\n          <div class=\"u-container-layout u-container-layout-6\">\n            <h3 class=\"u-align-center u-text u-text-custom-color-9 u-text-default u-text-6\">Dal\u0161\u00ed mo\u017en\u00e9 d\u016fvody:<\/h3>\n            <p class=\"u-align-center u-text u-text-default u-text-7\">&nbsp;Nen\u00ed spr\u00e1vn\u011b nastavena IP adresa,p\u0159i zapojen\u00ed nov\u00e9ho pc do s\u00edt\u011b, nebo p\u0159i reinstalaci je zapot\u0159eb\u00ed nastavit na PC p\u0159id\u011blov\u00e1n\u00ed ip adresy automaticky (DHCP)\nNa obrazovce po\u010d\u00edta\u010de se vpravo dole zobrazuje sd\u011blen\u00ed \u201eS\u00ed\u0165ov\u00fd kabel byl odpojen\u201c. To m\u016f\u017ee b\u00fdt zp\u016fsobeno z n\u00e1sleduj\u00edc\u00edch d\u016fvod\u016f:\nV s\u00ed\u0165ov\u00e9 kart\u011b nebo v dal\u0161\u00edm s\u00ed\u0165ov\u00fdm prvku nen\u00ed zapojen datov\u00fd kabel.\nZa\u0159\u00edzen\u00ed p\u0159es kter\u00e9 jste p\u0159ipojeni nen\u00ed v z\u00e1suvce.\nS\u00ed\u0165ov\u00fd kabel (nebo konektor na kabelu) byl po\u0161kozen.\nS\u00ed\u0165ov\u00e1 karta je nefunk\u010dn\u00ed.<\/p>\n          <\/div>\n        <\/div>\n      <\/div>\n    <\/section>\n    <section class=\"u-clearfix u-section-4\" id=\"sec-7b36\">\n      <div class=\"u-clearfix u-sheet u-valign-top u-sheet-1\">\n        <p class=\"u-align-center u-custom-font u-heading-font u-text u-text-custom-color-9 u-text-default u-text-1\">POMAL\u00c9 P\u0158IPOJEN\u00cd<\/p>\n        <div class=\"u-clearfix u-gutter-8 u-layout-wrap u-layout-wrap-1\">\n          <div class=\"u-layout\">\n            <div class=\"u-layout-row\">\n              <div class=\"u-container-style u-grey-5 u-layout-cell u-radius-25 u-shape-round u-size-30 u-layout-cell-1\">\n                <div class=\"u-container-layout u-valign-top u-container-layout-1\">\n                  <p class=\"u-custom-font u-heading-font u-text u-text-default u-text-2\">M\u011b\u0159en\u00ed rychlosti:&nbsp;<br>\n                  <\/p>\n                  <p class=\"u-align-center u-custom-font u-heading-font u-text u-text-default u-text-3\">\n                    <a href=\"http:\/\/www.speedtest.net\/?fbclid=IwAR3f7lv94RUC4C0k7e3gHodwr4dQys8VwRpKYXYPpqHUGogl0lc5CkFR27Q\" rel=\"nofollow noopener\" role=\"link\" tabindex=\"-1\" target=\"_blank\" class=\"u-active-none u-border-none u-btn u-button-style u-hover-none u-none u-text-palette-1-base u-btn-1\">www.speedtest.net<\/a>\n                    <br>\n                    <a href=\"https:\/\/l.facebook.com\/l.php?u=http%3A%2F%2Fwww.rychlost.cz%2F%3Ffbclid%3DIwAR0ppbTVQ2jjiHMy5ixICoRQ4xrVt9HlZQHUXgL6Wp6C2yF35vsDdqFq9A4&amp;h=AT3wxW6B1htISMlcxIpp4TwImzmDL5hjEhGYAUg2EcAiOe3qs7cbnDaQ_VJBovne4eI6GZB9fbxIYeruApN1kER6tbHZtUrQrSQRTYnZ94yo-uM6FQ9WR9oolXJsx9jsin6kLA\" rel=\"nofollow noopener\" role=\"link\" tabindex=\"-1\" target=\"_blank\" class=\"u-active-none u-border-none u-btn u-button-style u-hover-none u-none u-text-palette-1-base u-btn-2\">www.rychlost.cz<\/a>\n                    <br>\n                    <a href=\"http:\/\/www.internetprovsechny.cz\/?fbclid=IwAR15EAeMWks4M23WpGO2tXkZ4SzCzZRuO7tOgjkFWTyhEYQ1gC4I9PrO_5Q\" rel=\"nofollow noopener\" role=\"link\" tabindex=\"-1\" target=\"_blank\" class=\"u-active-none u-border-none u-btn u-button-style u-hover-none u-none u-text-palette-1-base u-btn-3\">www.internetprovsechny.cz<\/a>\n                  <\/p>\n                <\/div>\n              <\/div>\n              <div class=\"u-container-style u-grey-5 u-layout-cell u-radius-25 u-shape-round u-size-30 u-layout-cell-2\">\n                <div class=\"u-container-layout u-container-layout-2\">\n                  <p class=\"u-align-center u-custom-font u-heading-font u-text u-text-default u-text-4\">Pokud je v\u00fdsledek p\u0159ipojen\u00ed k Internetu v\u00fdrazn\u011b n\u00edzk\u00fd, zavolejte na na\u0161\u00ed HOTLINE&nbsp;<a href=\"tel:702260819\" class=\"u-active-none u-border-none u-btn u-button-link u-button-style u-hover-none u-none u-text-custom-color-8 u-btn-4\">702260819<\/a>\n                  <\/p>\n                <\/div>\n              <\/div>\n            <\/div>\n          <\/div>\n        <\/div>\n      <\/div>\n    <\/section>\n    <section class=\"u-clearfix u-section-5\" id=\"sec-8fa5\">\n      <div class=\"u-clearfix u-sheet u-sheet-1\"><\/div>\n    <\/section>\n    \n    \n    \n  \n","protected":false},"excerpt":{"rendered":"<p>N\u00c1VODY CO D\u011aLAT P\u0158I NEFUNK\u010cN\u00cdM PRIPOJEN\u00cdNEBO P\u0158I POMAL\u00c9M P\u0158IPOJEN\u00cd? KONTAKTY KONTAKTY Previous Next NEFUNK\u010cN\u00cd P\u0158IPOJEN\u00cd 1) Zkontrolujte, zda jsou v\u0161echny kabely \u0159\u00e1dn\u011b p\u0159ipojeny a zda jsou nap\u00e1jec\u00ed zdroje v\u0161ech s\u00ed\u0165ov\u00fdch prvk\u016f zapojeny do el. s\u00edt\u011b. 2) Pokud se k Internetu p\u0159ipojujete na notebooku pomoc\u00ed dom\u00e1c\u00edho bezdr\u00e1tu (AP), zkontrolujte zda m\u00e1te zapnutou bezdr\u00e1tovou (Wi-Fi) kartu. 3) &hellip; <a href=\"https:\/\/www.m-site.cz\/?page_id=47\" class=\"more-link\">Continue reading<span class=\"screen-reader-text\"> &#8222;N\u00e1vody&#8220;<\/span><\/a><\/p>\n","protected":false},"author":1,"featured_media":0,"parent":0,"menu_order":0,"comment_status":"closed","ping_status":"closed","template":"","meta":{"footnotes":""},"class_list":["post-47","page","type-page","status-publish","hentry"],"_links":{"self":[{"href":"https:\/\/www.m-site.cz\/index.php?rest_route=\/wp\/v2\/pages\/47","targetHints":{"allow":["GET"]}}],"collection":[{"href":"https:\/\/www.m-site.cz\/index.php?rest_route=\/wp\/v2\/pages"}],"about":[{"href":"https:\/\/www.m-site.cz\/index.php?rest_route=\/wp\/v2\/types\/page"}],"author":[{"embeddable":true,"href":"https:\/\/www.m-site.cz\/index.php?rest_route=\/wp\/v2\/users\/1"}],"replies":[{"embeddable":true,"href":"https:\/\/www.m-site.cz\/index.php?rest_route=%2Fwp%2Fv2%2Fcomments&post=47"}],"version-history":[{"count":6,"href":"https:\/\/www.m-site.cz\/index.php?rest_route=\/wp\/v2\/pages\/47\/revisions"}],"predecessor-version":[{"id":257,"href":"https:\/\/www.m-site.cz\/index.php?rest_route=\/wp\/v2\/pages\/47\/revisions\/257"}],"wp:attachment":[{"href":"https:\/\/www.m-site.cz\/index.php?rest_route=%2Fwp%2Fv2%2Fmedia&parent=47"}],"curies":[{"name":"wp","href":"https:\/\/api.w.org\/{rel}","templated":true}]}}